 common divisor of 64 and 1568.
32
Calculate the highest common factor of 24 and 426.
6
What is the greatest common divisor of 4779 and 648?
81
What is the highest common divisor of 36 and 10782?
18
Calculate the highest common divisor of 32 and 6352.
16
What is the highest common divisor of 42 and 1260?
42
Calculate the greatest common factor of 568 and 32.
8
What is the greatest common divisor of 234 and 13?
13
What is the greatest common divisor of 46 and 11546?
46
What is the greatest common divisor of 5 and 33290?
5
What is the greatest common factor of 1862 and 245?
49
What is the greatest common factor of 128 and 216?
8
Calculate the highest common divisor of 4884 and 660.
132
Calculate the highest common divisor of 736 and 23.
23
What is the highest common divisor of 242 and 11?
11
What is the greatest common divisor of 198 and 462?
66
Calculate the highest common divisor of 3654 and 189.
63
Calculate the greatest common factor of 1860 and 165.
15
Calculate the greatest common factor of 279 and 9.
9
Calculate the highest common factor of 101 and 9.
1
What is the highest common divisor of 10992 and 480?
48
Calculate the greatest common factor of 43 and 1.
1
What is the greatest common divisor of 6218 and 2?
2
Calculate the highest common factor of 48831 and 41.
41
Calculate the highest common divisor of 9060 and 6.
6
What is the greatest common divisor of 704 and 110?
22
What is the highest common divisor of 19 and 68020?
19
Calculate the greatest common divisor of 3432 and 117.
39
Calculate the highest common factor of 9350 and 25.
25
What is the highest common divisor of 323 and 95?
19
Calculate the greatest common divisor of 129 and 30831.
129
Calculate the highest common factor of 24 and 1048.
8
What is the highest common factor of 53 and 8639?
53
What is the greatest common factor of 132 and 120?
12
What is the highest common factor of 144 and 656?
16
What is the greatest common divisor of 320 and 164?
4
What is the highest common divisor of 484 and 429?
11
Calculate the greatest common factor of 50 and 55.
5
What is the greatest common factor of 57 and 513?
57
What is the highest common factor of 4940 and 228?
76
Calculate the greatest common factor of 1644 and 12.
12
What is the highest common divisor of 55 and 121?
11
What is the greatest common divisor of 385 and 352?
11
Calculate the highest common factor of 1275 and 102.
51
Calculate the highest common divisor of 9 and 2043.
9
What is the greatest common factor of 4724 and 12?
4
Calculate the highest common divisor of 3277 and 1469.
113
Calculate the highest common divisor of 290 and 232.
58
What is the greatest common factor of 812 and 42?
14
What is the greatest common factor of 2330 and 2?
2
Calculate the greatest common divisor of 2538 and 235.
47
What is the greatest common divisor of 56 and 40?
8
Calculate the highest common factor of 872 and 16.
8
Calculate the greatest common divisor of 535 and 155.
5
What is the greatest common factor of 361 and 1767?
19
Calculate the highest common factor of 132 and 1793.
11
Calculate the greatest common factor of 284 and 4.
4
What is the highest common divisor of 68 and 782?
34
Calculate the greatest common factor of 230 and 70.
10
What is the highest common divisor of 5550 and 450?
150
What is the highest common divisor of 117 and 11401?
13
Calculate the highest common factor of 285 and 1805.
95
What is the greatest common divisor of 7320 and 120?
120
What is the greatest common divisor of 5760 and 45?
45
What is the highest common factor of 493 and 136?
17
What is the highest common factor of 1157 and 445?
89
Calculate the highest common factor of 153 and 4080.
51
What is the greatest common divisor of 2261 and 952?
119
Calculate the greatest common divisor of 42 and 1316.
14
What is the greatest common divisor of 234 and 5694?
78
What is the highest common factor of 1098 and 72?
18
What is the highest common factor of 94 and 3713?
47
What is the greatest common divisor of 80 and 16?
16
What is the highest common divisor of 96 and 1296?
48
Calculate the greatest common factor of 1770 and 531.
177
Calculate the greatest common factor of 864 and 54.
54
Calculate the greatest common divisor of 8671 and 87.
29
What is the highest common divisor of 2881 and 43?
43
What is the greatest common divisor of 27 and 51?
3
Calculate the highest common divisor of 480 and 15960.
120
What is the highest common factor of 19496 and 8?
8
What is the greatest common divisor of 41604 and 12?
12
What is the greatest common divisor of 1843 and 291?
97
Calculate the highest common factor of 1995 and 315.
105
Calculate the greatest common divisor of 340 and 220.
20
Calculate the greatest common divisor of 80 and 19320.
40
What is the greatest common divisor of 16121 and 1372?
343
What is the highest common divisor of 10 and 510?
10
Calculate the greatest common factor of 136 and 170.
34
Calculate the highest common divisor of 192 and 288.
96
Calculate the highest common divisor of 14729 and 143.
143
Calculate the greatest common divisor of 107 and 47.
1
What is the highest common divisor of 210 and 280?
70
What is the highest common divisor of 119 and 378?
7
Calculate the highest common factor of 96 and 18.
6
Calculate the greatest common factor of 37 and 111.
37
Calculate the highest common factor of 33 and 264.
33
Calculate the highest common factor of 216 and 1656.
72
What is the greatest common divisor of 192 and 40?
8
Calculate the highest common factor of 12 and 1692.
12
What is the highest common divisor of 378 and 14?
14
What is the highest common divisor of 55 and 66?
11
Calculate the highest common factor of 1917 and 243.
27
What is the greatest common divisor of 12 and 9132?
12
What is the highest common factor of 143 and 182?
13
What is the greatest common factor of 266 and 171?
19
Calculate the greatest common divisor of 16 and 3272.
8
Calculate the highest common divisor of 3892 and 56.
28
Calculate the highest common factor of 33 and 1749.
33
What is the greatest common factor of 70 and 21?
7
What is the highest common divisor of 384 and 1120?
32
What is the highest common divisor of 1312 and 82?
82
What is the greatest common divisor of 528 and 99?
33
What is the greatest common divisor of 529 and 23?
23
Calculate the highest common factor of 183 and 6.
3
Calculate the greatest common divisor of 5402 and 222.
74
Calculate the greatest common factor of 162 and 72.
18
What is the highest common divisor of 741 and 39?
39
Calculate the highest common factor of 111 and 1813.
37
Calculate the highest common divisor of 299 and 92.
23
What is the highest common divisor of 106 and 10971?
53
What is the highest common factor of 11396 and 296?
148
Calculate the highest common factor of 1936 and 256.
16
What is the highest common factor of 5548 and 114?
38
What is the highest common divisor of 45 and 81?
9
Calculate the greatest common divisor of 3 and 93.
3
Calculate the highest common factor of 464 and 29.
29
What is the highest common divisor of 128 and 72?
8
What is the greatest common factor of 16 and 712?
8
Calculate the greatest common divisor of 342 and 19.
19
Calculate the greatest common divisor of 576 and 7632.
144
Calculate the greatest common factor of 6 and 39.
3
Calculate the greatest common factor of 190 and 110.
10
Calculate the greatest common factor of 45 and 125.
5
What is the highest common factor of 18758 and 664?
166
What is the greatest common divisor of 920 and 680?
40
Calculate the greatest common divisor of 4181 and 37.
37
What is the highest common factor of 30 and 18225?
15
What is the greatest common divisor of 28 and 2422?
14
Calculate the greatest common divisor of 7876 and 220.
44
Calculate the highest common factor of 458 and 16259.
229
What is the highest common factor of 3185 and 520?
65
Calculate the highest common factor of 492 and 10209.
123
What is the greatest common divisor of 112 and 196?
28
What is the greatest common divisor of 46361 and 358?
179
What is the highest common factor of 172 and 60028?
172
What is the greatest common factor of 12 and 12?
12
What is the highest common divisor of 4010 and 20?
10
Calculate the highest common factor of 344 and 86.
86
What is the greatest common divisor of 132 